{"id":13,"date":"2011-01-14T11:58:48","date_gmt":"2011-01-14T11:58:48","guid":{"rendered":"http:\/\/french.beatricevha.com\/?page_id=13"},"modified":"2011-01-15T08:53:17","modified_gmt":"2011-01-15T08:53:17","slug":"tarifs","status":"publish","type":"page","link":"http:\/\/french.beatricevha.com\/?page_id=13","title":{"rendered":"Tarifs"},"content":{"rendered":"<p>Mes tarifs varient selon le type de texte \u00e0 traduire et le format dans lequel je le re\u00e7ois car ces deux facteurs influent sur le temps pass\u00e9 \u00e0 produire une traduction. Mon but est d\u2019offrir un tarif aussi juste que possible en fonction des facteurs suivants\u00a0:<\/p>\n<ul>\n<li>le sujet du texte<\/li>\n<li>son but (par exemple, si votre texte est \u00e0      but informatif seulement ou s\u2019il s\u2019agit d\u2019un document publicitaire)<\/li>\n<li>le formatage n\u00e9cessaire<\/li>\n<li>le d\u00e9lai (urgence)<\/li>\n<\/ul>\n<p><strong>R\u00e9vision<\/strong><\/p>\n<p>Mon tarif horaire pour la r\u00e9vision et la relecture de traductions est de 35,00\u00a0\u20ac.<\/p>\n<p>Ce tarif est valide depuis le 1<sup>er<\/sup> novembre 2010 et soumis \u00e0 confirmation par e-mail.<\/p>\n<p>N\u2019h\u00e9sitez pas \u00e0 me <a title=\"Contact\" href=\"http:\/\/french.beatricevha.com\/?page_id=17\" target=\"_self\">contacter<\/a> pour discuter des vos besoins et je ferai de mon mieux pour vous offrir les tarifs les plus comp\u00e9titifs possible.<\/p>\n","protected":false},"excerpt":{"rendered":"<p>Mes tarifs varient selon le type de texte \u00e0 traduire et le format dans lequel je le re\u00e7ois car ces deux facteurs influent sur le temps pass\u00e9 \u00e0 produire une traduction. Mon but est d\u2019offrir un tarif aussi juste que &hellip; <a href=\"http:\/\/french.beatricevha.com\/?page_id=13\">Continue reading <span class=\"meta-nav\">&rarr;<\/span><\/a><\/p>\n","protected":false},"author":1,"featured_media":0,"parent":0,"menu_order":4,"comment_status":"closed","ping_status":"closed","template":"","meta":[],"_links":{"self":[{"href":"http:\/\/french.beatricevha.com\/index.php?rest_route=\/wp\/v2\/pages\/13"}],"collection":[{"href":"http:\/\/french.beatricevha.com\/index.php?rest_route=\/wp\/v2\/pages"}],"about":[{"href":"http:\/\/french.beatricevha.com\/index.php?rest_route=\/wp\/v2\/types\/page"}],"author":[{"embeddable":true,"href":"http:\/\/french.beatricevha.com\/index.php?rest_route=\/wp\/v2\/users\/1"}],"replies":[{"embeddable":true,"href":"http:\/\/french.beatricevha.com\/index.php?rest_route=%2Fwp%2Fv2%2Fcomments&post=13"}],"version-history":[{"count":3,"href":"http:\/\/french.beatricevha.com\/index.php?rest_route=\/wp\/v2\/pages\/13\/revisions"}],"predecessor-version":[{"id":43,"href":"http:\/\/french.beatricevha.com\/index.php?rest_route=\/wp\/v2\/pages\/13\/revisions\/43"}],"wp:attachment":[{"href":"http:\/\/french.beatricevha.com\/index.php?rest_route=%2Fwp%2Fv2%2Fmedia&parent=13"}],"curies":[{"name":"wp","href":"https:\/\/api.w.org\/{rel}","templated":true}]}}