{"id":15,"date":"2011-01-14T11:59:29","date_gmt":"2011-01-14T11:59:29","guid":{"rendered":"http:\/\/french.beatricevha.com\/?page_id=15"},"modified":"2011-01-15T08:54:40","modified_gmt":"2011-01-15T08:54:40","slug":"qui-suis-je","status":"publish","type":"page","link":"http:\/\/french.beatricevha.com\/?page_id=15","title":{"rendered":"Qui suis-je ?"},"content":{"rendered":"<p>Qualifications :<\/p>\n<p>2001 : Master en Langues Modernes, Merton College, Oxford University<\/p>\n<p>2003 : Master en Traduction, University of Surrey (re\u00e7ue avec <strong>mention tr\u00e8s bien<strong> <\/strong><\/strong>et<strong> <\/strong><strong>obtention du Prix des meilleurs r\u00e9sultats<\/strong><strong> de ma promotion)<\/strong><\/p>\n<p>Je suis membre de l\u2019organisation britannique Chartered Institute of Linguists.<\/p>\n<p>J\u2019ai \u00e9t\u00e9 membre consultatif de l\u2019Association of Translation Companies.<\/p>\n<p>Pour plus de renseignements sur mon exp\u00e9rience professionnelle, il vous suffit de me demander ou de m\u2019envoyer un <a href=mailto:translation@beatricevha.com>e-mail<\/a> et je vous ferai parvenir mon CV. Lettres de recommandation disponibles sur simple demande.<\/p>\n","protected":false},"excerpt":{"rendered":"<p>Qualifications : 2001 : Master en Langues Modernes, Merton College, Oxford University 2003 : Master en Traduction, University of Surrey (re\u00e7ue avec mention tr\u00e8s bien et obtention du Prix des meilleurs r\u00e9sultats de ma promotion) Je suis membre de l\u2019organisation &hellip; <a href=\"http:\/\/french.beatricevha.com\/?page_id=15\">Continue reading <span class=\"meta-nav\">&rarr;<\/span><\/a><\/p>\n","protected":false},"author":1,"featured_media":0,"parent":0,"menu_order":5,"comment_status":"closed","ping_status":"closed","template":"","meta":[],"_links":{"self":[{"href":"http:\/\/french.beatricevha.com\/index.php?rest_route=\/wp\/v2\/pages\/15"}],"collection":[{"href":"http:\/\/french.beatricevha.com\/index.php?rest_route=\/wp\/v2\/pages"}],"about":[{"href":"http:\/\/french.beatricevha.com\/index.php?rest_route=\/wp\/v2\/types\/page"}],"author":[{"embeddable":true,"href":"http:\/\/french.beatricevha.com\/index.php?rest_route=\/wp\/v2\/users\/1"}],"replies":[{"embeddable":true,"href":"http:\/\/french.beatricevha.com\/index.php?rest_route=%2Fwp%2Fv2%2Fcomments&post=15"}],"version-history":[{"count":2,"href":"http:\/\/french.beatricevha.com\/index.php?rest_route=\/wp\/v2\/pages\/15\/revisions"}],"predecessor-version":[{"id":44,"href":"http:\/\/french.beatricevha.com\/index.php?rest_route=\/wp\/v2\/pages\/15\/revisions\/44"}],"wp:attachment":[{"href":"http:\/\/french.beatricevha.com\/index.php?rest_route=%2Fwp%2Fv2%2Fmedia&parent=15"}],"curies":[{"name":"wp","href":"https:\/\/api.w.org\/{rel}","templated":true}]}}